)?
-7
What is 17 - (20 - 14) - (-3 + 11)?
3
Calculate (8 - 10 - (33 + -13)) + -3.
-25
Evaluate 1 + 2 + 2 + -3 - 1.
1
What is the value of 237 + -258 + (3 + 0 - (-5 - -6))?
-19
What is 1 + (2 - (-6 + (24 - -3)))?
-18
What is 14 + 5 + 13 - 25?
7
What is (3 - 3) + (4 - 3 - 4) + 2?
-1
Evaluate (2 + (-2 - 0) - -17) + -183 + 179.
13
3 - (-3 - (-6 + 11 - 11)) - 13
-13
Evaluate 6 + 12 + -20 + (-9 - -16 - -1).
6
-39 - (-11 + 9 - (8 - -6) - -8)
-31
What is the value of 24 + -20 + -1 + 9?
12
What is the value of -17 - (23 - (12 - -33))?
5
What is -4 - -2 - (-3 + (-17 - -13))?
5
What is the value of 79 + -78 + -2 + 15?
14
What is -4 - (-23 - -2) - (-31 + 43)?
5
What is the value of -2 + -26 + (-106 - -49 - -72)?
-13
What is the value of 2 - -5 - (0 - 4) - 15?
-4
What is the value of -6 - ((10 - -8) + -17 - (-14 + 1))?
-20
What is -3 - (8 + -5 + -17)?
11
-13 - (-10 - -17 - -2) - -12
-10
Evaluate -7 + -2 + -42 + 55 - 16.
-12
Calculate (-4 - -4) + (-3 - (-2 - 2) - -2).
3
Calculate (5 - (-13 - -16)) + -21 + -3.
-22
Evaluate (13 - 77) + 40 - -36.
12
6 - (14 + 6 - 9)
-5
What is (-12 - 12 - -4) + 13 + 3?
-4
Evaluate (2 - 9) + (13 - (-4 - -11)) + 7.
6
What is -25 + -15 + -18 + 21?
-37
Evaluate (1 - -12) + -12 + 4.
5
What is (-2 - (-3 + 8 + 1 - 6)) + 23?
21
What is 33 - 0 - (2 + -42 + 56)?
17
What is -24 - (22 + -20 + -47)?
21
(-4 - -1) + 30 + -36 - -26
17
6 + -26 + 52 + -27
5
What is the value of 3 + -1 + (-31 - (22 - 42))?
-9
Calculate (-8 - 5) + (12 - (28 + -7)).
-22
Evaluate -1 - 8 - (-176 + 152).
15
What is the value of -5 + 9 + -4 + -3 + 6 + 15?
18
-4 + 2 + (1 - 3 - 6 - -8)
-2
What is (-22 - (-21 - -25)) + 44?
18
Evaluate -1 - -19 - (10 + (4 + -4 - 3)).
11
Calculate (-41 - (-43 - -29)) + 13.
-14
Evaluate 17 + 9 + -12 + -11.
3
5 + -34 - (11 + -11) - -4
-25
What is the value of (7 - 15) + 15 + (-2 - -4 - 8)?
1
Calculate (0 - (1 + -2 + 0)) + 4 + -5.
0
What is the value of 6 - ((10 - 8 - 4) + 5)?
3
Evaluate (16 + 4 + -12 - 5) + 10 + -7.
6
1 + -3 + -9 + (-4 - (0 + -1))
-14
-11 - (14 - (-10 - -44))
9
0 + -12 + (70 - 49) - (-3 - -1)
11
12 + (-12 + 19 + 1 + -5 - 3)
12
Evaluate (24 - -30 - 30) + 1.
25
Evaluate 1 + 1 - (-48 - -63 - 0).
-13
What is -7 + (-4 - -3) - (-245 - -253)?
-16
Evaluate (11 - 15) + -10 + 9 - (-29 - -2).
22
What is the value of -35 + 24 + (6 - (1 + -5)) + 10?
9
What is -30 + 17 + 6 + -6 + -1?
-14
What is the value of -12 - (-3 - -10 - (8 + -3 + -3))?
-17
What is -5 + (4 - (2 + -1))?
-2
Calculate 1 + 8 - 6 - -2.
5
Calculate 8 + -1 + (-34 - -62 - 33).
2
What is the value of -7 - (-8 - 0 - (-7 + 5) - 11)?
10
What is the value of 2 - ((6 + -7 - -4) + 2)?
-3
6 + -3 + 6 + -25
-16
Evaluate (-3 - -21) + -1 + (-12 + 5 - -4).
14
What is the value of -6 + 17 + -11 + 2?
2
Calculate 27 - (52 - (24 + 3)).
2
What is -21 + (154 - 152) + (-5 - -2) + -3?
-25
Evaluate -42 - -23 - 17 - -1.
-35
Evaluate -7 + (16 - (5 - 2) - 5).
1
What is 3 - (0 + (-13 - 9 - -17))?
8
What is the value of 0 + -2 + -1855 + 1869?
12
What is the value of 1 + -20 + (-63 + 33 - -26)?
-23
What is the value of -14 + (10 - (44 - (10 - -7)))?
-31
What is -2 - -1 - 1 - (-12 + 14 + 12)?
-16
Evaluate 26 + -2 + 2 + -1 + (-196 - -193).
22
Evaluate -27 - -32 - (6 - 4).
3
What is the value of 1 + 9 - (14 + -6 + -10)?
12
Calculate -3 - (1 + 3 + (-3 - -3) + 1).
-8
(50 - 48 - (0 - -4)) + 0
-2
What is the value of (8 - (-3 + 1)) + -6 + (16 - 6)?
14
Calculate (-6 + 6 - (-5 + 0)) + -1 + 0.
4
3 - 6 - (-137 - -124)
10
What is 6 + -9 + -3 + -4 + 10?
0
What is the value of (7 - -2) + -14 + -13 + 21?
3
78 + -49 + (0 + 4 - (-6 + 9))
30
What is (-90 - -99) + 1 + (-2 - 5)?
3
What is 15 + -19 + -5 - -17?
8
-61 - -61 - ((18 - (-1 - -4)) + 0)
-15
-7 + (-3 - -9) + 2 - 8
-7
What is the value of -6 - (-34 - 17) - (13 - -1)?
31
18 + -14 + -12 + 16 - 23
-15
Calculate (77 - 67) + (-3 - -5 - (0 - -2)).
10
What is (-13 + 8 - (-1 - 5)) + -3 + 0?
-2
Evaluate -1 + 3 + -7 + -2 - 5.
-12
-38 - -16 - (0 - -5) - (-4 - 0)
-23
Calculate (-123 - -113) + (3 - (2 + -2 - 1)).
-6
Calculate 3 + 2 + (-1 + (-7 - -18) - 2).
13
Evaluate (63 - (56 - 9)) + 0 + -2 + 4.
18
Evaluate 1 + (3 - 6) + 4 + 2.
4
What is (7 - (-31 - -27 - (2 - 11))) + -2?
0
Evaluate -4 - (3 - 15) - (0 - 8 - -1).
15
Calculate 88 - 76 - (13 + 5).
-6
Calculate 18 + -1 - -1 - (1 - -7).
10
Evaluate 20 + -24 + 13 - (-1 + 1 + 20).
-11
(-9 + -2 - -6) + -11 + 36
20
What is the value of 24 - (34 - (7 + 9))?
6
Evaluate 7 + 2 + -15 + 15.
9
What is the value of (-3 - (-13 + -13)) + 3 + -1?
25
What is the value of 14 - (10 + -23 + 10)?
17
What is the value of -1 + -1 + (-184 - -193)?
7
What is (3 - (12 + -7)) + -1 + 4 + -7?
-6
Calculate -5 + (5 - -3) + -17 + -9 + 5.
-18
Evaluate (4 - (7 + -10 + 12)) + -10.
-15
What is (-7 - (-14 + 6) - 2) + -6?
-7
What is (-39 - (-45 + 34)) + 35?
7
Calculate (-9 - -13) + 3 + -3 + (-1 - -3).
6
Evaluate 8 + (6 - 0) + 6 + (14 - 26).
8
What is 7 - 1 - (17 + -16) - (16 - 6)?
-5
Calculate 22 - (8 + 13 + -7 - -1).
7
What is -16 + (13 - 27 - -18)?
-12
Calculate -4 - -1 - (-136 + 147).
-14
Evaluate (-19 - 4 - 9) + (13 - 5) + 2.
-22
Calculate 44 + -94 - (3 + -21 - 0).
-32
What is the value of 3 + -2 + -12 + (-1 - (-1 - 2))?
-9
Evaluate 6 + 1 + (-8 - -13).
12
What is -19 - (-37 + 25 + -28)?
21
Evaluate -8 + -4 + (8 - 5) + 4.
-5
Evaluate (-19 + 12 - -32) + -15.
10
(4 - 1) + -19 + (18 - 17) - 8
-23
What is 7 - 8 - -5 - (21 + -17)?
0
Calculate 226 + -235 + 5 + 2.
-2
Calculate (2 - -7) + (-2 + -2 - (-123 - -114)).
14
Evaluate (8 - (1 - 7 - (-61 + 35))) + 2.
-10
Calculate 12 + -16 - 7 - -14.
3
Evaluate -39 - (26 + -34 - 9).
-22
1 + (-3 - -2 - -1) + 15
16
Calculate -1351 - -1339 - (1 - (-1 - -11)).
-3
Evaluate (-2 - 1) + -2 + (55 - 47).
3
Evaluate 9 - 12 - (3 + 4 + -5 + 4).
-9
(124 - 105) + -12 + 0 - (-1 + -15)
23
What is the value of 19 + -1 - (22 + 1 - 13)?
8
Evaluate -22 - -1 - (-17 + 17).
-21
Calculate -20 + (1 - 38) - -33.
-24
Calculate (14 - (8 - 5)) + 6.
17
18 - (36 + 4 - 9)
-13
Evaluate 10 + -38 - 4 - -10.
-22
What is the value of -23 - -31 - (-1 + -2 - 1)?
12
(25 - -3) + (-126 - -106)
8
Calculate -34 - (2 - (3 + 14 + -16)).
-35
What is -8 - (-33 + 48 + -7)?
-16
Evaluate 18 - ((3 - -3) + 8).
4
Calculate -5 - (-9 + 9 - 0) - 14.
-19
What is (13 + -9 - -5) + -5?
4
4 - (14 - 2 - 11 - (-2 + 0))
1
What is -953 + 964 - (-1 - 12)?
24
Calculate 3 + 16 + -14 + -36 + -2 + 3.
-30
Evaluate -34 + -2 + (-17 - -20) - -6.
-27
Evaluate -34 + 15 + 18 + 4.
3
Evaluate 7 + -9 + -8 + (-8 - -11) + 6.
-1
Evaluate (8 - (6 - 13)) + (0 - (-2 - -5)).
12
What is (57 - 1) + -13 + (-31 - -27)?
39
What is 36 - (-33 - (-20 + -26))?
23
3 + 3 - (17 - 12)
1
Evaluate -2 + -3 - (0 + 8 + 4).
-17
Evaluate -21 + (-25 + -10 + 29 - -27).
0
Evaluate (4 - (-10 - -28)) + -6.
-20
Calculate -11 - (43 - (-21 - -51)).
-24
Calculate 12 + (4 - 8 - 13 - 11).
-16
Calculate 10 + -1 + 4 - 13.
0
What is 43 + (-28 - 2 - -25)?
38
Calculate (55 - 36) + 3 + -15.
7
Calculate (-58 - (-61 + 34)) + 13.
-18
What is 8 - (21 - 34 - -31)?
-10
Evaluate (4 + -7 - -5) + -4 + 3.
1
What is the value of -33 - -59 - 16 - (2 - 10)?
18
What is 7 + (-1 + -10 - (-4 + 10 - 12))?
2
What is 13 - (24 + (10 - 24)) - 13?
-10
-72 - (39 - (28 - -52))
-31
What is -9 + (23 - 9) + -7?
-2
What is the value of -38 + (59 - (5 + 9))?
7
Calculate 8 - (-19 - (4 + -19)).
12
24 + 2 - ((14 - 12) + -9 - -11)
22
Evaluate -4 + -10 + (7 - 19 - -13).
-13
Calculate -2 + 1 + (-5 - (-36 + 20)).
10
-7 - (-24 - 5) - (-1 + 12)
11
Calculate 58 + -72 + 1 + 0 + (-1 - -1).
-13
Calculate (7 - (5 + (10 - 9))) + 0.
1
Calculate -51 + 30 + -21 - -21.
-21
Evaluate 0 - (-3 + 37 + -59).
25
What is 1 + -5 + (51 + -64 - 12)?
-29
What is the value of (-9 - -41) + -13 - 7?
12
Evaluate -8 + (-14 - ((-37 - -4) + 8)).
3
60 + -48 + (-6 - (5 - -1))
0
(11 - 39) + 39 + -22
-11
What is the value of -29 + (23 + (4 - 17) - 1)?
-20
-9 + -9 + 12 + -8 + 9
-5
What is (-1 - -8 - (-82 + 78)) + -6 - -8?
13
(6 - (-9 - -7)) + -19
-11
11 + (11 - 10 - 5) + -4
3
What is 4 + (-5 - 0 - 2) + 12 + 4?
13
Evaluate -1 - (3 - (20 + -8 - 4)).
4
(9 - (-7 + 3)) + -36 - (7 + -3)
-27
0 + -2 + 1 + 3 - (43 + -59)
18
What is the value of -22 - ((6 - 7) + -5) - (3 - 9)?
-10
Calculate (-2 - (-7 + 2)) + 798 + -779.
22
Evaluate -96 + (30 - 3) - -39.
-30
What is the value of -10 + -2 + (23 - 21)?
-10
Calculate (4 - (-9 + 15) - 